5632)/(-230). Suppose -4*o + r = -m, -3*o + z*r = -0*r - 153. Is o a composite number?
True
Is (24 - 23)*(-1)/5*-3477035 prime?
True
Let b = 1731116 - 720198. Is b/38 + 34/(-323) a prime number?
False
Suppose 3*b + 242 - 239 = 0. Let f(d) = 1543*d**2 - 4*d - 4. Is f(b) composite?
False
Let k(w) = 10994*w - 4061. Is k(8) a composite number?
False
Suppose -6701126 = -97*j + 112265748 + 35139839. Is j composite?
False
Let w = -212907 + 340388. Is w composite?
False
Suppose 27*h - 945864 - 214731 = 0. Is h composite?
True
Suppose 5*a - 1266610 = -4*m, -4*m - 2706*a + 2713*a + 1266634 = 0. Is m a prime number?
False
Let d(x) = x**2 - 8*x - 28. Let s be d(11). Suppose -2*f - s*a = -f - 473, 0 = -4*a. Is f a prime number?
False
Suppose -6*y + 3 = -5*y. Suppose y*o - 1420 = 4*z, -o + z + 4*z = -466. Suppose -6*w + 2*w = -o. Is w prime?
False
Suppose -2*c + 262810 = -3*s, -13*c = 10*s - 6*s - 1708359. Is c a prime number?
False
Let q(i) = -2140*i + 98*i + 335 + 543*i. Is q(-6) composite?
True
Let w(p) = -4796*p - 52. Let l be w(-21). Let r = -55281 + l. Suppose -4*z + r = 9*z. Is z a composite number?
False
Suppose 0 = -5*m + 38 - 13. Suppose -m*y = -3*l + 48, y = -2*l - 0*l + 19. Let p(w) = 246*w + 35. Is p(l) prime?
True
Let v(h) = 91*h**3 - 127*h**2 - 48*h + 11. Is v(16) composite?
False
Suppose -3*k + 112432 = 5*o - 155862, 0 = 5*o + 5*k - 268290. Suppose 41798 = 22*u - o. Is u a composite number?
False
Let d = 83 - 80. Suppose 0 = -d*l + l + 20. Is (-1)/(-5) + 2 + 76048/l prime?
True
Let x(j) = -j**3 - 19*j**2 + 20*j - 15. Let h be x(-19). Let s = 671 + h. Suppose -176 = -4*z + s. Is z a prime number?
True
Let b = 27 + -23. Let r(q) = b + 6*q + 7 + 10*q**2 - 2*q**3 + q**3. Is r(10) a composite number?
False
Let b be (-46)/(-14) - (-18)/(-63). Suppose 0 = -b*i - 2*i - 10. Let c(x) = -207*x**3 - 3*x**2 - 5*x + 3. Is c(i) a prime number?
True
Suppose 0 = -m + 8, 597232 = 3*u - 3*m - 143411. Is u a composite number?
False
Let q(m) = -2*m + 2. Let i(p) = p - 1. Let k(h) = -3*i(h) - q(h). Let a(r) = r**2 - 12*r - 30. Let n(x) = a(x) + 5*k(x). Is n(-19) a prime number?
True
Suppose -3*v - 1187 = -368. Let i = 767 + v. Suppose -2*z + 168 = -i. Is z prime?
True
Let n = -3017 - -5716. Let f = n - 516. Is f composite?
True
Let h(u) = -11*u**3 + 29*u - 77. Is h(-42) a prime number?
False
Let b = -13262 - -78079. Is b a composite number?
False
Let b be 10/(-2) - (-1334 - 30/(-5)). Let o = 4486 - b. Is o a prime number?
True
Let y(j) = 14*j**2 - 20*j - 553. Is y(-48) composite?
True
Let l(t) = -58*t**3 + t**2 + t + 1. Let k be 10/4*36/30*1. Suppose -g = k*z + 3, -z + 0*z - 1 = -5*g. Is l(z) prime?
True
Let y(m) = 612*m + 76. Let b be y(18). Suppose 10*a = b + 103018. Is a a prime number?
True
Let v(j) = -j**2 + 6*j. Let p be v(4). Suppose -p*s = s - 8658. Let k = 1359 - s. Is k composite?
False
Let i be (18/(-126))/(2/(-70)). Suppose i*w + 4*k - 6347 = 0, -5*w = 4*k - 7*k - 6361. Is w prime?
False
Let s(n) = n**3 - 3*n**2 - 1. Let q(o) = 2*o + 7. Let z be q(-2). Let j be s(z). Is (0 - (-1360 + j))/1 composite?
False
Let s(q) = -23*q - 67. Let c be s(-3). Is (1 - 6405/(-6))*c a composite number?
False
Let i(m) = 873*m**2 - 21*m + 47. Is i(4) a prime number?
True
Let n(h) = 2*h + 3. Let t be n(-2). Let s be t/((-1)/4) + 665. Suppose 3*d = l - s, 0*l = 4*l + 4*d - 2740. Is l a composite number?
True
Let n(p) = 28 + 4*p - 36*p**2 + 19*p - 10*p**3 + 15*p**3 - 3 + 4. Is n(12) a composite number?
False
Let s = -134491 + 621520. Is s a prime number?
False
Let f(k) = -25*k**3 + 3*k**2 + 29*k + 8. Let g be f(-21). Suppose 7*s = g + 26004. Is s prime?
False
Let j be -3*(1447/3)/((-6)/24). Let t = j + -3893. Is t a prime number?
False
Let b be (27/(-6))/(5/(-60)). Let k = b - 49. Suppose h + 4*h - 2341 = 2*j, k*j = -15. Is h composite?
False
Let q be (-5)/30 - 62/(-12). Suppose -25 = 5*s + q*f, -3*f + 0 = 15. Suppose 5*k + 2*c - c - 5047 = s, -c = -k + 1007. Is k a prime number?
True
Let b(d) = 39*d**3 + d**2 - 4*d + 2. Let g be b(1). Suppose 2*h + 6 = 10. Suppose -g + 1320 = h*x. Is x a prime number?
True
Suppose -3*q + 5*u + 611947 = 0, 5*q - 4*u - 657294 = 362583. Is q a prime number?
True
Suppose -4*u = -u + 4*r - 116, 5*u + 5*r = 200. Let q(p) = 5 + 3 + u*p**2 + 1 - 18 - 8*p. Is q(-4) composite?
False
Is (-45)/(-3) + 133874 + -66 a composite number?
True
Let r = 53 - 59. Is 7966/r*1*-3 composite?
True
Is (-1157)/39*-337*(0 + 3) a prime number?
False
Suppose -5*v = 4*z - 27775, -v - 1 + 0 = 0. Suppose 6937 = 2*b + 3*b - 3*o, 5*o = 5*b - z. Is b a prime number?
False
Is 65/78 - (-5814632)/48 prime?
True
Suppose 2128398 - 5233196 = -183*j + 2888269. Is j prime?
True
Let s(u) = -7*u - 9*u - 15 + 2*u**2 + 6*u - u**2. Let n be (8 - 0)*(3 + 1 - 5). Is s(n) prime?
False
Let w be -10*(2/9 + 16/9). Let i be (w/4 + 184)*1*-4. Let t = 1387 + i. Is t prime?
False
Let t(k) = -43867*k - 804. Is t(-5) prime?
True
Let n = -767 + 776. Suppose 45329 = n*c - 24160. Is c composite?
True
Suppose -2*g + 2*z = -155843 - 30629, -3*g = 5*z - 279732. Is g a prime number?
True
Let d(t) = 4*t**3 - 7*t**2 + t - 10. Let u(l) = l**3 - 1. Let p(a) = d(a) - 5*u(a). Let b be p(-7). Is (b/15 + 1)*6805 a composite number?
False
Let u be ((-801)/15)/((-9)/180). Is ((-1612)/(-130))/(u/(-535) + 2) a composite number?
True
Let l = 381 + 126635. Is (-129)/215 - (-2 - l/10) composite?
False
Let o be 11*58 - (-13 + 9). Suppose 2*x + 2*d = -3*d + 626, o = 2*x + d. Is x a prime number?
False
Let o(y) = -2*y**3 - 29*y**2 - 19*y - 19. Let p be o(-14). Suppose p*m = 56*m - 20705. Is m a composite number?
True
Let z(b) = 182*b**2 + 39*b + 102. Is z(-13) a composite number?
True
Let c(m) be the first derivative of 10 - 4*m + 7/2*m**2. Is c(6) a prime number?
False
Suppose 3*f - 3*b + 12 = -30, 4*b = -4*f - 88. Is ((-3)/(-6) + -2)/(f/3156) a prime number?
True
Let k(r) = 8264*r + 951. Is k(5) a prime number?
False
Let w(b) = 279*b**2 - 114*b - 568. Is w(-5) composite?
False
Let h be (-19)/(-4) + (84/16 - 5). Is 5006/(h - (1 - -2)) a composite number?
False
Suppose 6*v - v - d = 278311, -5*d - 30 = 0. Is v a prime number?
True
Let q = 13163 - 22985. Let w be (-6)/(6/(42/14)). Is w/(-1*(-18)/q) prime?
True
Let p(o) = o**2 + 11*o - 36. Let f be p(-14). Suppose -2256 = f*j - 11658. Is j composite?
False
Is (2 + (-2536787)/33)*-3 a prime number?
True
Suppose -15662858 = 186*q - 42598820. Is q a composite number?
False
Let o(g) = 3597*g**2 + 44*g + 17. Is o(7) a prime number?
False
Suppose -3*r + 72 = 57. Suppose 0 = r*i + 3*b - 386545 + 87759, 239048 = 4*i - 4*b. Is i a composite number?
True
Suppose -9*o + 64 = 37. Suppose -9 = o*d - 3, -3*v = 3*d - 5445. Is v prime?
False
Suppose -5*t = -2*q + 139684, -8*q + 6*q + 4*t + 139690 = 0. Is q composite?
False
Let d(z) = 25*z**2 - 29*z + 19. Let w(r) = -5*r**2 + 6*r - 4. Let j(m) = -2*d(m) - 11*w(m). Let i = 2 - 9. Is j(i) a prime number?
True
Suppose 2511 = 2*s + 7*s. Let d = 120 - s. Is ((-18)/27)/((-157)/d + -1) composite?
False
Suppose 14*k - 3*z - 820825 = 10*k, -5*k + z + 1026034 = 0. Is k a prime number?
False
Suppose 43*g - 41*g = -868. Let y = g + 1606. Suppose -3*t = -y - 283. Is t a composite number?
True
Suppose r - 71 = -5*a - r, 2*a - 3*r - 36 = 0. Suppose -5*y - 4*f + 5 = -3, 3*y = f + a. Suppose 0 = -y*u - 2*c + 522, 2*u - 133 = u + 2*c. Is u a prime number?
True
Suppose -4*a = -13*a + 180. Let v be ((-2)/(-5))/(a/(-25))*6. Is -508*1/(-1 + v) prime?
True
Suppose y + 2*x + 25940 = 107343, y - 2*x - 81423 = 0. Suppose 10*b + 7*b - y = 0. Suppose -3*r = 3*v - 4076 - 3160, -2*v + 5*r = -b. Is v a composite number?
True
Suppose 0 = 504*l - 501*l - 3630. Let u = 1695 - l. Is u a prime number?
False
Suppose -4 = -2*f - q, -3*f + 3*q = 2 - 8. Suppose 4*d = -f*v + 7*d + 10, -5*d - 10 = 0. Suppose -3492 = -2*h - 2*h + 4*t, 3*h = v*t + 2623. Is h composite?
False
Is 6134576/((-80)/(-5)) - (-7 + 1) a prime number?
True
Let f(i) = -7*i**3 - i**2 + 2. Let t be f(-1). Suppose 3*w - 55 = -t*w. Suppose -z + 2*m = -459, -w*z + m = -3*m - 2319. Is z a composite number?
False
Let z(y) = -2*y**2 - 11*y + 32. Let o(m) = 4*m**2 + 21*m - 63. Let j(w) = 3*o(w) + 5*z(w). Let i(k) = k. Let v(c) = -4*i(c) + j(c). Is v(-21) a prime number?
True
Suppose b - h + 3*h + 3 = 0, 12 = -b - 5*h